{"id":26,"date":"2022-06-13T19:44:31","date_gmt":"2022-06-13T22:44:31","guid":{"rendered":"https:\/\/sgirj.com.br\/gnv\/?page_id=26"},"modified":"2022-07-05T14:40:50","modified_gmt":"2022-07-05T17:40:50","slug":"outras-inspecoes-e-vistorias","status":"publish","type":"page","link":"https:\/\/sgirj.com.br\/gnv\/outras-inspecoes-e-vistorias\/","title":{"rendered":"Outras Inspe\u00e7\u00f5es e Vistorias"},"content":{"rendered":"<div class=\"sec_content_main_title\" style=\"text-align:;\">O que fazemos<\/div>\n<p><strong>Clique nos t\u00f3picos abaixo para saber mais sobre nossas inspe\u00e7\u00f5es, com Acredita\u00e7\u00e3o pela CGCRE:<\/strong><\/p>\n<ul id=\"menu-inspecoes\" class=\"menu\"><li id=\"menu-item-64\" class=\"menu-item menu-item-type-post_type menu-item-object-page menu-item-64\"><a href=\"https:\/\/sgirj.com.br\/gnv\/inspecao-kit-gas\/\">Inspe\u00e7\u00e3o kit g\u00e1s<\/a><\/li>\n<li id=\"menu-item-63\" class=\"menu-item menu-item-type-post_type menu-item-object-page menu-item-63\"><a href=\"https:\/\/sgirj.com.br\/gnv\/inspecao-em-veiculos-transformados\/\">Inspe\u00e7\u00e3o em Ve\u00edculos Transformados<\/a><\/li>\n<li id=\"menu-item-61\" class=\"menu-item menu-item-type-post_type menu-item-object-page menu-item-61\"><a href=\"https:\/\/sgirj.com.br\/gnv\/inspecao-em-veiculos-blindados\/\">Inspe\u00e7\u00e3o em Ve\u00edculos Blindados<\/a><\/li>\n<li id=\"menu-item-62\" class=\"menu-item menu-item-type-post_type menu-item-object-page menu-item-62\"><a href=\"https:\/\/sgirj.com.br\/gnv\/inspecao-em-veiculos-sinistrados\/\">Inspe\u00e7\u00e3o em Ve\u00edculos Sinistrados<\/a><\/li>\n<li id=\"menu-item-60\" class=\"menu-item menu-item-type-post_type menu-item-object-page menu-item-60\"><a href=\"https:\/\/sgirj.com.br\/gnv\/caminhoes-onibus-e-motos\/\">Inspe\u00e7\u00e3o caminh\u00f5es, \u00f4nibus e motos<\/a><\/li>\n<li id=\"menu-item-59\" class=\"menu-item menu-item-type-post_type menu-item-object-page menu-item-59\"><a href=\"https:\/\/sgirj.com.br\/gnv\/antt\/\">Inspe\u00e7\u00e3o ANTT<\/a><\/li>\n<\/ul>\n<p>&nbsp;<\/p>\n<p><a href=\"http:\/\/sgirj.com.br\/gnv\/contatos\/\"><img loading=\"lazy\" decoding=\"async\" class=\"alignnone wp-image-309 size-large\" title=\"SGIRJ - INSPE\u00c7\u00c3O VEICULAR EM S\u00c3O GON\u00c7ALO\" src=\"https:\/\/sgirj.com.br\/gnv\/wp-content\/uploads\/2022\/07\/sgi-09-1024x533.jpg\" alt=\"SGIRJ - INSPE\u00c7\u00c3O VEICULAR EM S\u00c3O GON\u00c7ALO\" width=\"1024\" height=\"533\" srcset=\"https:\/\/sgirj.com.br\/gnv\/wp-content\/uploads\/2022\/07\/sgi-09-1024x533.jpg 1024w, https:\/\/sgirj.com.br\/gnv\/wp-content\/uploads\/2022\/07\/sgi-09-300x156.jpg 300w, https:\/\/sgirj.com.br\/gnv\/wp-content\/uploads\/2022\/07\/sgi-09-768x400.jpg 768w, https:\/\/sgirj.com.br\/gnv\/wp-content\/uploads\/2022\/07\/sgi-09.jpg 1400w\" sizes=\"auto, (max-width: 1024px) 100vw, 1024px\" \/><\/a><\/p>\n","protected":false},"excerpt":{"rendered":"<p>Clique nos t\u00f3picos abaixo para saber mais sobre nossas inspe\u00e7\u00f5es, com Acredita\u00e7\u00e3o pela CGCRE: &nbsp;<\/p>\n","protected":false},"author":1,"featured_media":0,"parent":0,"menu_order":0,"comment_status":"closed","ping_status":"closed","template":"","meta":{"footnotes":"","_links_to":"","_links_to_target":""},"class_list":["post-26","page","type-page","status-publish","hentry"],"_links":{"self":[{"href":"https:\/\/sgirj.com.br\/gnv\/wp-json\/wp\/v2\/pages\/26","targetHints":{"allow":["GET"]}}],"collection":[{"href":"https:\/\/sgirj.com.br\/gnv\/wp-json\/wp\/v2\/pages"}],"about":[{"href":"https:\/\/sgirj.com.br\/gnv\/wp-json\/wp\/v2\/types\/page"}],"author":[{"embeddable":true,"href":"https:\/\/sgirj.com.br\/gnv\/wp-json\/wp\/v2\/users\/1"}],"replies":[{"embeddable":true,"href":"https:\/\/sgirj.com.br\/gnv\/wp-json\/wp\/v2\/comments?post=26"}],"version-history":[{"count":8,"href":"https:\/\/sgirj.com.br\/gnv\/wp-json\/wp\/v2\/pages\/26\/revisions"}],"predecessor-version":[{"id":320,"href":"https:\/\/sgirj.com.br\/gnv\/wp-json\/wp\/v2\/pages\/26\/revisions\/320"}],"wp:attachment":[{"href":"https:\/\/sgirj.com.br\/gnv\/wp-json\/wp\/v2\/media?parent=26"}],"curies":[{"name":"wp","href":"https:\/\/api.w.org\/{rel}","templated":true}]}}