{"id":28,"date":"2022-06-13T19:44:52","date_gmt":"2022-06-13T22:44:52","guid":{"rendered":"https:\/\/sgirj.com.br\/gnv\/?page_id=28"},"modified":"2022-07-05T14:41:37","modified_gmt":"2022-07-05T17:41:37","slug":"escopo","status":"publish","type":"page","link":"https:\/\/sgirj.com.br\/gnv\/escopo\/","title":{"rendered":"Escopo"},"content":{"rendered":"<div class=\"sec_content_main_title\" style=\"text-align:;\">Nosso Escopo<\/div>\n<div class=\"su-table su-table-alternate\">\n<table>\n<tbody>\n<tr>\n<td>01<\/td>\n<td><strong>Autom\u00f3vel com sistema de GNV instalado<\/strong><\/td>\n<\/tr>\n<tr>\n<td>02<\/td>\n<td><strong>Autom\u00f3vel modificado ou fabricado artesanalmente<\/strong><\/td>\n<\/tr>\n<tr>\n<td>03<\/td>\n<td><strong>Autom\u00f3vel recuperado de sinistro<\/strong><\/td>\n<\/tr>\n<tr>\n<td>04<\/td>\n<td><strong>Caminh\u00e3o com sistema de GNV instalado<\/strong><\/td>\n<\/tr>\n<tr>\n<td>05<\/td>\n<td><strong>Caminh\u00e3o modificado<\/strong><\/td>\n<\/tr>\n<tr>\n<td>06<\/td>\n<td><strong>Caminh\u00e3o recuperado de sinistro<\/strong><\/td>\n<\/tr>\n<tr>\n<td>07<\/td>\n<td><strong>Caminhonete com sistema de GNV instalado<\/strong><\/td>\n<\/tr>\n<tr>\n<td>08<\/td>\n<td><strong>Caminhonete modificada ou fabricada artesanalmente<\/strong><\/td>\n<\/tr>\n<tr>\n<td>09<\/td>\n<td><strong>Caminhonete recuperada de sinistro<\/strong><\/td>\n<\/tr>\n<tr>\n<td>10<\/td>\n<td><strong>Camioneta com sistema de GNV instalado<\/strong><\/td>\n<\/tr>\n<tr>\n<td>11<\/td>\n<td><strong>Camioneta modificada ou fabricada artesanalmente<\/strong><\/td>\n<\/tr>\n<tr>\n<td>12<\/td>\n<td><strong>Camioneta recuperado de sinistro<\/strong><\/td>\n<\/tr>\n<tr>\n<td>13<\/td>\n<td><strong>Ciclomotor &#8211; Modificado ou fabricado artesanalmente<\/strong><\/td>\n<\/tr>\n<tr>\n<td>14<\/td>\n<td><strong>Ciclomotor &#8211; Recuperado de sinistro<\/strong><\/td>\n<\/tr>\n<tr>\n<td>15<\/td>\n<td><strong>Micro-\u00f4nibus com sistema de GNV instalado<\/strong><\/td>\n<\/tr>\n<tr>\n<td>16<\/td>\n<td><strong>Micro-\u00f4nibus modificado<\/strong><\/td>\n<\/tr>\n<tr>\n<td>17<\/td>\n<td><strong>Micro-\u00f4nibus recuperado de sinistro<\/strong><\/td>\n<\/tr>\n<tr>\n<td>18<\/td>\n<td><strong>Motocicleta &#8211; Modificada ou Fabrica\u00e7\u00e3o artesanal<\/strong><\/td>\n<\/tr>\n<tr>\n<td>19<\/td>\n<td><strong>Motocicleta &#8211; Recuperada de sinistro<\/strong><\/td>\n<\/tr>\n<tr>\n<td>20<\/td>\n<td><strong>Motoneta &#8211; Modificada ou Fabrica\u00e7\u00e3o artesanal<\/strong><\/td>\n<\/tr>\n<tr>\n<td>21<\/td>\n<td><strong>Motoneta &#8211; Recuperada de sinistro<\/strong><\/td>\n<\/tr>\n<tr>\n<td>22<\/td>\n<td><strong>\u00d4nibus com sistema de GNV instalado<\/strong><\/td>\n<\/tr>\n<tr>\n<td>23<\/td>\n<td><strong>\u00d4nibus modificado<\/strong><\/td>\n<\/tr>\n<tr>\n<td>24<\/td>\n<td><strong>\u00d4nibus recuperado de sinistro<\/strong><\/td>\n<\/tr>\n<tr>\n<td>25<\/td>\n<td><strong>Ciclomotor &#8211; Modificado ou Fabrica\u00e7\u00e3o artesanal<\/strong><\/td>\n<\/tr>\n<tr>\n<td>26<\/td>\n<td><strong>Ciclomotor &#8211; Recuperado de sinistro<\/strong><\/td>\n<\/tr>\n<tr>\n<td>27<\/td>\n<td><strong>Triciclo &#8211; Modificado ou Fabrica\u00e7\u00e3o artesanal<\/strong><\/td>\n<\/tr>\n<tr>\n<td>28<\/td>\n<td><strong>Triciclo &#8211; Recuperado de sinistro<\/strong><\/td>\n<\/tr>\n<tr>\n<td>29<\/td>\n<td><strong>Utilit\u00e1rio com sistema de GNV instalado<\/strong><\/td>\n<\/tr>\n<tr>\n<td>30<\/td>\n<td><strong>Utilit\u00e1rio modificado ou fabricado artesanalmente<\/strong><\/td>\n<\/tr>\n<tr>\n<td>31<\/td>\n<td><strong>Utilit\u00e1rio recuperado de sinistro<\/strong><\/td>\n<\/tr>\n<\/tbody>\n<\/table>\n<\/div>\n<p>&nbsp;<\/p>\n<p><a href=\"http:\/\/sgirj.com.br\/gnv\/contatos\/\"><img loading=\"lazy\" decoding=\"async\" class=\"alignnone wp-image-307 size-large\" src=\"https:\/\/sgirj.com.br\/gnv\/wp-content\/uploads\/2022\/07\/sgi-04-1024x533.jpg\" alt=\"SGIRJ - INSPE\u00c7\u00c3O VEICULAR EM S\u00c3O GON\u00c7ALO\" width=\"1024\" height=\"533\" srcset=\"https:\/\/sgirj.com.br\/gnv\/wp-content\/uploads\/2022\/07\/sgi-04-1024x533.jpg 1024w, https:\/\/sgirj.com.br\/gnv\/wp-content\/uploads\/2022\/07\/sgi-04-300x156.jpg 300w, https:\/\/sgirj.com.br\/gnv\/wp-content\/uploads\/2022\/07\/sgi-04-768x400.jpg 768w, https:\/\/sgirj.com.br\/gnv\/wp-content\/uploads\/2022\/07\/sgi-04.jpg 1400w\" sizes=\"auto, (max-width: 1024px) 100vw, 1024px\" \/><\/a><\/p>\n","protected":false},"excerpt":{"rendered":"<p>&nbsp;<\/p>\n","protected":false},"author":1,"featured_media":0,"parent":0,"menu_order":0,"comment_status":"closed","ping_status":"closed","template":"","meta":{"footnotes":"","_links_to":"","_links_to_target":""},"class_list":["post-28","page","type-page","status-publish","hentry"],"_links":{"self":[{"href":"https:\/\/sgirj.com.br\/gnv\/wp-json\/wp\/v2\/pages\/28","targetHints":{"allow":["GET"]}}],"collection":[{"href":"https:\/\/sgirj.com.br\/gnv\/wp-json\/wp\/v2\/pages"}],"about":[{"href":"https:\/\/sgirj.com.br\/gnv\/wp-json\/wp\/v2\/types\/page"}],"author":[{"embeddable":true,"href":"https:\/\/sgirj.com.br\/gnv\/wp-json\/wp\/v2\/users\/1"}],"replies":[{"embeddable":true,"href":"https:\/\/sgirj.com.br\/gnv\/wp-json\/wp\/v2\/comments?post=28"}],"version-history":[{"count":10,"href":"https:\/\/sgirj.com.br\/gnv\/wp-json\/wp\/v2\/pages\/28\/revisions"}],"predecessor-version":[{"id":321,"href":"https:\/\/sgirj.com.br\/gnv\/wp-json\/wp\/v2\/pages\/28\/revisions\/321"}],"wp:attachment":[{"href":"https:\/\/sgirj.com.br\/gnv\/wp-json\/wp\/v2\/media?parent=28"}],"curies":[{"name":"wp","href":"https:\/\/api.w.org\/{rel}","templated":true}]}}